z be (j - (-1 - 1)) + 2 + 0. Suppose -87 = 2*k - 263. Calculate the greatest common divisor of z and k.
8
Let q = 138 + -83. Suppose -s + 4*a = -152, -426 = -3*s - 5*a - q. Calculate the highest common factor of s and 33.
33
Suppose -25 = 6*i - 223. Suppose -35*o + i*o = -8. Suppose 3*k + 8 = 2*s, 6*s - 18 = 3*s + 3*k. What is the greatest common divisor of s and o?
2
Let d(b) = -b**3 - 26*b**2 + 24*b - 15. Let o be d(-27). What is the highest common divisor of 374 and o?
22
Suppose 3*g - 9 = 24. Suppose -4*x - 76 + 720 = -5*d, -3*x + 3*d + 480 = 0. Suppose -5*k + x = -229. What is the highest common divisor of g and k?
11
Let a be 12/(-66) + ((-2)/11)/(-1). Suppose 5*q - 296 - 24 = a. Calculate the highest common factor of 576 and q.
64
Let h(s) = 3*s + 1. Let q be h(6). Let z(d) = -d**3 + 21*d**2 - 11*d - 47. Let x be z(20). Calculate the greatest common divisor of x and q.
19
Suppose 4*n - 3*n = 3. Suppose -5*k + n*y + 104 = 6*y, -80 = -5*k + 5*y. Calculate the highest common factor of k and 19.
19
Suppose -4*g + 511 = 3*q, -q + 185 = -0*q + 5*g. What is the greatest common factor of q and 15?
15
Suppose -2*r + 1 = -3. Let i be (r - 3)*-4 - 6. Let b be (-161)/(-14) + (-1)/i. Calculate the highest common divisor of 108 and b.
12
Let t = 1897 - 1737. Calculate the highest common factor of 544 and t.
32
Let f(c) = -c**3 - 15*c**2 - 20*c + 142. Let d be f(-15). Calculate the greatest common divisor of d and 104.
26
Let x = -20 - -17. Let m = 7 + x. Suppose -m*w + 7 = -9. What is the highest common divisor of w and 12?
4
Suppose -5*k + 3307 = 4*o, 3*k - 4*o = 1977 + 20. Calculate the greatest common divisor of k and 156.
39
Let y be (-8)/(-2)*(-113)/(-4). Let v = y + -59. Suppose -q = -v - 66. What is the highest common factor of q and 15?
15
Suppose 0 = 4*w + 65 - 149. What is the highest common factor of w and 525?
21
Let n(l) = l**2 + 4. Let d be n(5). Suppose -3 = 5*w - 4*s - 1, -w = s - 5. Let u be (16/10)/w*290. What is the highest common divisor of d and u?
29
Let v be (-246)/(-10) + 2/5. Let a = 35 - 30. Suppose -4*x - 5*t + v = 0, 6*x + a*t - 5 = 4*x. What is the highest common factor of 70 and x?
10
Let x = 167 + -118. Suppose -8*v = -4*v - 4, -5*a = v - 26. Suppose -3*q = a*p + 2*q - 215, -3*q = p - x. Calculate the highest common divisor of p and 5.
5
Suppose -2*o - 15 = -3*v + 17, -v = -o - 11. Suppose 6*f - 6 = 5*f. Let d(p) = 2*p - 2. Let u be d(f). What is the highest common divisor of v and u?
10
Let s(t) = 12*t - 15. Let d be s(2). What is the highest common factor of d and 2?
1
Suppose -26*l = -49*l + 8050. Calculate the highest common factor of 50 and l.
50
Suppose -4840 = -79*l + 68*l. Calculate the greatest common factor of 88 and l.
88
Let c(k) = 4*k + 7. Let x be c(8). Calculate the highest common divisor of 156 and x.
39
Suppose -3*a + 4*a + 3 = 0. Let c be -2*a/6 - -53. What is the greatest common divisor of c and 6?
6
Let p(v) = -23*v - 18 + 12*v - 13*v. Let l be p(-6). What is the greatest common factor of 21 and l?
21
Suppose -f + 3*f = 18. Let l(o) be the third derivative of -7*o**4/24 - 27*o**3/2 - 18*o**2. Let q be l(-12). Calculate the highest common divisor of f and q.
3
Let d = -16 + 20. Suppose 259 = d*f - i, -31 = f - 2*i - 101. Let b be 42/5 - (-2)/(-5). Calculate the highest common divisor of f and b.
8
Suppose -2*l = 5*a - 6 - 21, 2*l + 3*a - 17 = 0. Let g be (0 + 15 - l)/(36/18). Suppose o - 66 = -3. Calculate the highest common factor of g and o.
7
Suppose 2*l + 5*y = 9 + 492, 2*y = -2. Suppose c = 2*s - l, 0 = -4*s + 6*c - c + 497. Suppose -2*p + 96 = 4*p. What is the highest common factor of s and p?
16
Let q = 2 - -8. Suppose -f = -4*f + 2*c + 37, 32 = 2*f - 5*c. Suppose -f + 1 = -2*j. Calculate the greatest common divisor of q and j.
5
Let d(l) = l**2 - 13*l - 6. Let m be d(13). Let o be (64 + -1)/((-1)/m). What is the highest common divisor of o and 42?
42
Let l(o) = -o**2 + 525. Let g be l(0). What is the highest common factor of g and 21?
21
Let s(i) = -4*i + 127. Let a be s(29). Calculate the greatest common factor of a and 1243.
11
Suppose 6 + 18 = -4*a + 4*g, g = -a + 2. Let k be (a/(-3))/((-7)/(-126)). Let s(m) = m - 1. Let o be s(k). What is the greatest common divisor of 11 and o?
11
Let l = 951 + -917. What is the greatest common factor of 255 and l?
17
Let l be (-24 - 4/4)*-4. Let x = l + 16. What is the greatest common factor of x and 29?
29
Suppose 0 = 12*w - 10 - 638. Calculate the highest common divisor of w and 9.
9
Let j(d) = 2*d**2 - 24*d - 18. Let a be j(13). Let r = 73 + a. What is the greatest common divisor of r and 9?
9
Suppose 30 - 9 = q. Calculate the greatest common factor of 21 and q.
21
Let b(h) = 8*h - 5. Let f be b(5). Let z be (-4)/(7/((-28)/(-8))). Let p = z + 16. What is the greatest common divisor of f and p?
7
Suppose 0 = -5*p - 5, 62 = f + p + 2*p. Suppose 4*x + x = f. Calculate the highest common factor of x and 65.
13
Let w = 26 + 92. What is the greatest common divisor of 2 and w?
2
Let i(b) = -b**3 + 5*b**2 - 6*b + 7. Let z be i(4). Let q be z*2*(13 + -7 - 27). Calculate the highest common factor of 18 and q.
6
Suppose 0*v + 211 = -3*k - 2*v, 4*v = k + 61. Let l = k - -162. What is the greatest common divisor of l and 62?
31
Let i be (-16)/(5/5)*-1. Let n(a) = -2*a**2 - a. Let y be n(-2). Let d = i + y. What is the highest common divisor of 80 and d?
10
Let j be (3 - 3 - -10) + 89. Calculate the greatest common factor of j and 72.
9
Suppose 23*d - 6*d = 459. Calculate the highest common divisor of d and 9.
9
Suppose 8*l - 289 = -57. What is the greatest common divisor of l and 928?
29
Suppose 3*u + 16 = d + 7*u, 3*d - 41 = -5*u. Calculate the highest common factor of 300 and d.
12
Suppose -2*j - 14 = -46. Calculate the highest common factor of j and 432.
16
Let g(h) = -h**3 + 42*h**2 + 76*h - 200. Let b be g(43). What is the highest common divisor of 53 and b?
53
Let d be 1*4 - (0 - 0). Suppose -d*s = -4 - 4. Suppose -6*l + 112 = -s*l - 3*h, -8 = -2*h. Calculate the greatest common factor of l and 124.
31
Let s be -123 + -5 + (0 - -3). Let b be ((-28)/5 - -2)*s/10. Calculate the highest common divisor of b and 5.
5
Let x = -1 - -8. Let g be (-2)/x - 30/(-7). Suppose t + 400 = g*t - 2*m, -4*t + 532 = -2*m. What is the greatest common divisor of 12 and t?
12
Let i be (-17)/68 + 38/(-8) - -40. What is the highest common factor of i and 140?
35
Let s = -14 + 16. Suppose -6*b + 24 = -s*b. What is the greatest common divisor of b and 18?
6
Let a = -18 - -14. Let g be 18*(-4 + 3)*a. Calculate the highest common divisor of 9 and g.
9
Suppose 2*v - 700 = -5*v. Suppose u + 4*f = v, 2*u + 5*f = 65 + 129. Let n be u/1 + 1*-4. Calculate the greatest common divisor of 8 and n.
8
Suppose -2*r - 118*r + 7560 = 0. Suppose 2*y + 56 = 4*x, -3*x = -0*x + 2*y - 49. Let b = -8 + x. What is the greatest common factor of r and b?
7
Let l(t) = t**3 - 14*t**2 - 8*t - 8. Let f be l(15). Let m = -68 + f. What is the greatest common factor of 29 and m?
29
Let b(f) = 25*f - 70. Let l be b(4). Calculate the highest common divisor of l and 10.
10
Let n(x) = 38*x**2 - 5*x + 11. Let g be n(3). What is the highest common divisor of 26 and g?
26
Let b be ((-54)/(-10))/((-36)/(-3300)). Calculate the greatest common factor of 135 and b.
45
Let t be (47/3)/(((-4)/(-3))/4). Calculate the greatest common factor of t and 517.
47
Let v = 157 + -166. Let x be (-24)/v*315/20. Calculate the greatest common factor of x and 21.
21
Suppose -5*g + x = 3*x - 206, -2*x = -5*g + 194. Calculate the greatest common factor of g and 180.
20
Let n = -18 + 18. Suppose n*c + c + 98 = 4*l, 0 = l + 3*c - 18. What is the greatest common factor of l and 3?
3
Let c be (-2)/4 - 620/(-40). Let x be (3 + c/(-6))*68. Calculate the greatest common factor of x and 272.
34
Let g(d) = d**3 - 24*d**2 - d + 108. Let l be g(24). What is the highest common factor of l and 28?
28
Suppose -2*w + 4*j + 154 = -298, -w + 236 = 3*j. What is the greatest common divisor of w and 10?
10
Let t(m) = -m - 1. Let u be t(-3). Suppose 5*a - 2*a = g + 8, 2*a = -u*g. Let r be g + (-3 - 0 - -11). Calculate the highest common divisor of r and 15.
3
Let t(l) = 2*l**2 + 14*l + 6. Let b(w) = -w + 3. Let d be b(12). Let i be t(d). Suppose 2*c - 28 = -2*c